e remainder when 143665 is divided by 603.
151
What is the remainder when 107622 is divided by 1511?
341
What is the remainder when 768071 is divided by 836?
623
What is the remainder when 74256 is divided by 12373?
18
What is the remainder when 4937672 is divided by 14148?
20
Calculate the remainder when 10512305 is divided by 20.
5
Calculate the remainder when 68108042 is divided by 137.
136
Calculate the remainder when 26472120 is divided by 845.
805
What is the remainder when 100240641 is divided by 1926?
45
What is the remainder when 29023263 is divided by 17?
13
What is the remainder when 2679481 is divided by 786?
7
What is the remainder when 496678 is divided by 19867?
3
What is the remainder when 220476 is divided by 3116?
2356
What is the remainder when 324699 is divided by 64483?
2284
Calculate the remainder when 94678 is divided by 28606.
8860
What is the remainder when 256479 is divided by 236?
183
What is the remainder when 10435641 is divided by 3255?
111
What is the remainder when 108009354 is divided by 72?
66
Calculate the remainder when 503034 is divided by 587.
562
Calculate the remainder when 42058008 is divided by 2927.
2872
What is the remainder when 5526464 is divided by 449?
172
What is the remainder when 125725 is divided by 2518?
2343
What is the remainder when 17407 is divided by 17023?
384
Calculate the remainder when 491033 is divided by 116.
5
What is the remainder when 14795765 is divided by 579?
578
What is the remainder when 6024234 is divided by 2008071?
21
Calculate the remainder when 8103783 is divided by 8103755.
28
What is the remainder when 14417314 is divided by 184?
178
Calculate the remainder when 64180 is divided by 31357.
1466
What is the remainder when 8739917 is divided by 2913288?
53
What is the remainder when 1358231 is divided by 371?
0
Calculate the remainder when 2582321 is divided by 4900.
21
What is the remainder when 69198968 is divided by 48?
8
Calculate the remainder when 601350 is divided by 16243.
359
What is the remainder when 44895301 is divided by 14965100?
1
Calculate the remainder when 5507115 is divided by 33.
9
Calculate the remainder when 206760 is divided by 1696.
1544
Calculate the remainder when 7284799 is divided by 5045.
4864
Calculate the remainder when 3628157 is divided by 20269.
6
What is the remainder when 212337 is divided by 9650?
37
Calculate the remainder when 2488867 is divided by 2440.
67
Calculate the remainder when 12609345 is divided by 325.
320
What is the remainder when 41594902 is divided by 22279?
9
Calculate the remainder when 26500 is divided by 2160.
580
Calculate the remainder when 1198493 is divided by 202.
27
Calculate the remainder when 12901532 is divided by 226342.
38
Calculate the remainder when 101097 is divided by 33619.
240
What is the remainder when 31070874 is divided by 720?
714
What is the remainder when 1765761 is divided by 417?
183
Calculate the remainder when 1012144 is divided by 92013.
1
What is the remainder when 2982 is divided by 496?
6
Calculate the remainder when 246625 is divided by 893.
157
What is the remainder when 212265 is divided by 3851?
460
Calculate the remainder when 9065711 is divided by 876.
863
What is the remainder when 14300 is divided by 1180?
140
What is the remainder when 70241550 is divided by 3911?
3901
What is the remainder when 632670 is divided by 87?
6
What is the remainder when 2233226 is divided by 94?
68
Calculate the remainder when 735038 is divided by 3141.
44
Calculate the remainder when 498372 is divided by 168.
84
What is the remainder when 16995 is divided by 906?
687
What is the remainder when 43872550 is divided by 21936266?
18
Calculate the remainder when 74100825 is divided by 31940.
25
What is the remainder when 286469 is divided by 5629?
5019
Calculate the remainder when 2490389 is divided by 15563.
309
Calculate the remainder when 640406 is divided by 49242.
260
What is the remainder when 4063041 is divided by 4780?
41
Calculate the remainder when 1679937590 is divided by 76.
74
Calculate the remainder when 182003 is divided by 45493.
31
Calculate the remainder when 2032438493 is divided by 10121.
10120
What is the remainder when 729354 is divided by 6877?
392
What is the remainder when 84259 is divided by 535?
264
What is the remainder when 72760270 is divided by 818?
806
What is the remainder when 3536926 is divided by 75?
1
Calculate the remainder when 159255 is divided by 72.
63
What is the remainder when 44167 is divided by 725?
667
Calculate the remainder when 787231 is divided by 393373.
485
Calculate the remainder when 1108627 is divided by 158336.
275
Calculate the remainder when 116472 is divided by 2219.
1084
What is the remainder when 304851519 is divided by 12245?
12244
What is the remainder when 187371951 is divided by 1134?
1131
Calculate the remainder when 26911 is divided by 2987.
28
What is the remainder when 108942 is divided by 1629?
1428
What is the remainder when 1392330 is divided by 132?
126
What is the remainder when 211867 is divided by 4917?
436
What is the remainder when 10239692 is divided by 216?
212
What is the remainder when 21980542 is divided by 10120?
10022
Calculate the remainder when 12974617 is divided by 4454.
115
Calculate the remainder when 70157 is divided by 69660.
497
What is the remainder when 165104 is divided by 3056?
80
What is the remainder when 52930707 is divided by 42?
39
Calculate the remainder when 309941503 is divided by 301.
298
Calculate the remainder when 12269622 is divided by 31869.
57
Calculate the remainder when 403318 is divided by 80618.
228
Calculate the remainder when 10424114 is divided by 1721.
17
What is the remainder when 27340409 is divided by 724?
721
What is the remainder when 886238012 is divided by 17?
13
Calculate the remainder when 444622199 is divided by 200.
199
Calculate the remainder when 200497 is divided by 66592.
721
Calculate the remainder when 7615459 is divided by 23.
21
Calculate the remainder when 13538526 is divided by 3384626.
22
What is the remainder when 33219 is divided by 2877?
1572
What is the remainder when 735079 is divided by 38643?
862
Calculate the remainder when 5866348 is divided by 123.
109
What is the remainder when 41398450 is divided by 41398371?
79
Calculate the remainder when 2676379 is divided by 661.
651
What is the remainder when 30963 is divided by 30929?
34
Calculate the remainder when 8401618 is divided by 933513.
1
Calculate the remainder when 522273 is divided by 1834.
1417
What is the remainder when 47983053 is divided by 22?
19
What is the remainder when 4458074 is divided by 405277?
27
Calculate the remainder when 677972 is divided by 270.
2
What is the remainder when 511199 is divided by 6908?
7
Calculate the remainder when 84087681 is divided by 29.
6
What is the remainder when 30703454 is divided by 3185?
54
Calculate the remainder when 500220860 is divided by 1248.
1244
Calculate the remainder when 1407411 is divided by 95.
81
What is the remainder when 1004567 is divided by 3653?
3645
Calculate the remainder when 228983 is divided by 9523.
431
Calculate the remainder when 3236119 is divided by 145.
9
What is the remainder when 298203 is divided by 2593?
8
What is the remainder when 24780 is divided by 8218?
126
What is the remainder when 1148451 is divided by 1558?
205
What is the remainder when 178177 is divided by 963?
22
What is the remainder when 3836411 is divided by 1278720?
251
Calculate the remainder when 1106405368 is divided by 14.
12
What is the remainder when 68786471 is divided by 502091?
4
What is the remainder when 31706197 is divided by 2350?
2347
What is the remainder when 11111318 is divided by 51?
50
Calculate the remainder when 1179900 is divided by 56141.
939
What is the remainder when 146877 is divided by 4084?
3937
What is the remainder when 315175 is divided by 5605?
1295
What is the remainder when 229755415 is divided by 45?
40
Calculate the remainder when 404563 is divided by 2033.
2029
Calculate the remainder when 209635 is divided by 68292.
4759
What is the remainder when 1178681 is divided by 8185?
41
Calculate the remainder when 16899 is divided by 1206.
15
Calculate the remainder when 421714 is divided by 352.
18
What is the rema